alue of (20 + -4 - (32 + -11)) + -7 + 10?
-2
What is (55 + 10 - 17 - (1 - -4)) + -7?
36
Evaluate (2 - 1) + (-2 - 31 - -36).
4
71 - ((-62 - -46) + 66)
21
Evaluate -2 + 40 + 23 + 66 + -91.
36
-5 - (5 + (11 - -1)) - (13 - (-21 + 40))
-16
Calculate (177 - 296) + 12 + (-14 - -18).
-103
Evaluate 1025 + -1001 - (2 + 106).
-84
What is the value of -50 + 84 - (-22 - -5 - (-7 - -1) - -3)?
42
What is the value of 31 + -4 + 0 + -93?
-66
Evaluate 34 - 58 - (94 + -42).
-76
Calculate -17 + 40 + -7 + -30 + 6 + -2.
-10
15 + -6 + -10 + (16 - -8) + -11 + 65
77
(4 + 13 + -33 - 84) + 11
-89
What is the value of (-10 + -28 + 11 - -14) + 10?
-3
Evaluate ((7 - 1) + 7 - 0) + 314 + -453.
-126
116 + -5 + (-6 - (-35 - -39)) + 1 + 0
102
What is (-452 - -490) + -4 + 3 + -140?
-103
What is -3 - (-22 - (8 - (-23 - -13)))?
37
Evaluate (-34 - -15) + 12 + 45 + 2.
40
Calculate (1 - -3 - (-1 + 0 + 0)) + (287 - 225).
67
What is (-5 + -25 - -98) + -45?
23
What is -37 + -2 + -56 + 98 + -8?
-5
What is the value of -71 + (1 - -7 - (-11 + (76 - 61)))?
-67
3349 - 3421 - (-1 - 36)
-35
Calculate 206 - 427 - -159 - ((-15 - -1) + 0).
-48
Calculate -5 - (-10 - (12 - (-27 + 63))).
-19
Evaluate (126 - (13 - -42)) + -27.
44
(-130 - -117 - -56) + -98
-55
(1 - -12) + -17 - (0 - 4 - (-335 - -346))
11
51 + -49 - (-9 + -1) - (16 - -41)
-45
Calculate 2 - 99 - 1 - (70017 + -70062).
-53
What is -66 + -11 + 14 + -13 + 35?
-41
What is (5 - (2 - 4)) + (-31 - -84 - 33)?
27
Calculate 311 - 285 - (1 + -4 - 3).
32
73 + -117 + -38 + 17
-65
Evaluate 47 + 8 + (10 - (3 - -5)) + (0 - 13).
44
Calculate (-6 - -13 - -1) + -165 + 128.
-29
What is -1 + (69 - 21) + -8 + -2 - 6?
31
What is -135 + 78 - -127 - 107?
-37
Evaluate (-61 - 60 - -131) + 29.
39
What is the value of (20 - 28 - (-54 + 3)) + -19 + 32?
56
Calculate (42 - -1) + -20 + (-9 - (-5 + 6)).
13
What is the value of (-1 - 9) + (-9 - 1 - (24 + -28) - -3)?
-13
Evaluate (133 - 99) + 3 + (-21 - -5).
21
What is (159 - (45 - 131)) + -137?
108
Calculate (1 - 1) + -90 + (4498 - 4537).
-129
What is the value of -72 + (-4 - (-1 + -17) - (39 - (31 - 4)))?
-70
Evaluate -47 + (-8 - (-18 + 30)) - (1 + -1).
-67
What is the value of (-1 - -6) + -31 + -22 + 58 + -46?
-36
What is (-375 - -297) + (10 - (4 - (0 - 1) - 4))?
-69
What is -29 + (-138 - -38) + 70?
-59
Evaluate -16 - (-104 - -50) - -8.
46
Evaluate -16 + (97 - 133) - (0 + 6 - 0).
-58
64 + 1 + (-66 - (-28 - 18) - (0 - 22))
67
(57 + -62 + 4 - (1 + 2)) + -43
-47
What is the value of -8 + (-26 - -13 - -82 - (2 - 1))?
60
What is 10 + -66 + 26 + 13 + -19?
-36
14 + (-2 - (-11 - -19)) - 39 - 4
-39
Calculate 5 - ((4 - -7) + -18 + -10 - -3).
19
Evaluate -5 - ((15 - (-15 + -6 + 13 + 37)) + -31).
40
What is the value of (12 - -2) + -1 + (-39 - -123 - 36)?
61
What is -27 - (23 - 23 - (-2 - -10 - (1 + 15)))?
-35
What is -139 + (-22 - 1) + (57 - 13) + -15?
-133
What is 35 + -67 - -46 - -15?
29
What is 55 + (73 - 32 - 32) - (0 + 17)?
47
(10 - (2 + 16)) + (-5 + 11 + -5 - -70)
63
-108 - (12 - (15 - (2 - 12) - (11 + -4)))
-102
What is -191 + 258 - (15 - (-3 - -9) - 1 - -5)?
54
-1 + (77 + -68 - (-2 - 0)) - -21
31
Evaluate 5532 + -5645 + (-1 - -36 - 0).
-78
Calculate -78 - (5 + 0 + -10 - (7 - -8)).
-58
What is 0 + (2 - 8) - (159 + -194 + -19)?
48
Calculate 67 + (-10 - 33) + -53.
-29
(47 - -49) + -44 + -13
39
What is the value of (19 - (-4 - -7)) + (-1079 - -1043)?
-20
Evaluate (-3 - 2 - -13) + -47 + 59 - (-2 + -2).
24
Calculate (-5 - 0) + (94 - (-12 + 37)) - (5 + -1).
60
What is (6 - (7 - 15 - -12)) + (-7 - 4 - -71)?
62
What is the value of 32 + (-83 - -117) + -17?
49
What is the value of 90 + -2 + (-3 - -14)?
99
What is the value of (116 + 1 - 138) + (83 - -1) + -1?
62
-36 - ((20 + -37 - -16) + 0)
-35
66 + (10 - 92) - 4
-20
51 + (38 - 68) + 43
64
What is -24 - (46 - 81) - (2 + 1 + -46)?
54
Calculate 1 + -66 + 68 + -10 + -45.
-52
Evaluate 21 + -21 + 32 + -28 + 3 - 18.
-11
Evaluate 24 - (23 - -62 - 53).
-8
What is (-9 - (-6 + -105)) + -8 + (-2 - (-17 - -13))?
96
What is the value of 1085 + -1121 - (58 + 6 - 3)?
-97
-73 + 19 + -20 - (-2 + -22)
-50
Evaluate (64 + -53 + -8 - (71 + 0)) + -4.
-72
97 - (-15 - (-121 + 81))
72
Calculate -25 - (73 - -41 - 64).
-75
What is the value of 331 - 358 - (15 - -3)?
-45
-145 + 209 + -84 - (-123 + -2)
105
Evaluate (-2424 - -2297) + -1 + 2.
-126
What is the value of 105 - (-24 + 54 + 145)?
-70
What is the value of (-5 - (-4 - 15 - -15)) + -56 - 1?
-58
Evaluate -8 + (5 - (0 - (16 - 3))) - (-2 + 13).
-1
5 + 2 + 14 - (3 + 69)
-51
Calculate -140 - -84 - (3 - 29).
-30
What is 4 - 2 - -2 - 3 - (7 + 15 + 58)?
-79
Calculate 75 - (81 - 32) - 85.
-59
Evaluate (-5 - 5) + 19 + 33 - 109.
-67
Evaluate (-37 + 65 - (8 - -5) - 29) + -42.
-56
What is -1 + 9 - ((4 - -1) + -220 + 213)?
10
Calculate -70 + (118 - (59 - 60)).
49
What is 50 + (-40 - -41 - 39)?
12
1226 + -1281 - (1 - 25)
-31
Evaluate (108 - 49 - 27) + -42.
-10
What is -81 + (-4 - -64) + (-1 - -56)?
34
(64 - 84) + -52 + 106
34
Calculate -4 + ((93 - 52) + -52 - (-8 + 1)).
-8
What is -2 + 0 + 77 - (5354 + -5387)?
108
3 - ((7 - (-3 - (17 + 6) - -8)) + 7)
-29
Calculate -22 + (-19 - (-21 - 14)).
-6
-41 - -66 - (23 - 3)
5
317 - 345 - (1 - -10 - (-14 + 19))
-34
Calculate (145 - 459 - -151) + 151.
-12
-31 + -44 + 75 - (-1 + -55)
56
Evaluate 7 + 75 + (-1 - (7 + -3)) - (2 + 8).
67
What is the value of (-5 - (2 + 1) - (-8 + 0)) + 5?
5
Evaluate ((17 - -1) + 6 + (11 - 20) - 9) + -22.
-16
(4 + (4 - -1) - (25 - 24)) + 23
31
-2912 - -2906 - (-2 + (-52 - (-1 + -1)))
46
What is the value of (31 - (-30 + 67)) + 5 + 4?
3
Evaluate (-24 - -4) + (-27 - (17 + 24)).
-88
What is -3 - -19 - (-46 - -54) - (-20 + 3 + 7)?
18
-226 - -239 - ((1 + 0 - 1) + (137 - 139))
15
460 + -449 - (-5 - ((4 - 6) + 7))
21
Calculate 33 + 20 + -62 + -16 - (0 + -8).
-17
Evaluate (-215 + 105 - -127) + 0 + 5.
22
1 - 19 - (2868 - 2843) - 33
-76
What is 10 - (-18 + 22) - (-3 + 56) - -4?
-43
Evaluate (13 - (-17 + 17)) + (-4 + 0 - 60).
-51
What is the value of (13 - (-5 - -175)) + 25 - -12?
-120
Evaluate (-1 - -1) + -8 + (-24186 - -24212).
18
What is the value of -44 - (-43 - (-35 + 16))?
-20
What is (-66 - 1) + (-43 - (-45 + 3)) + 5?
-63
Evaluate 1 - -1 - (-34 + 25 + -7 - (28 + 1)).
47
9 + -5 - 56 - (-12 + 8 + -7)
-41
What is -1 + -20 - (-7 - (-40 + (58 - 39)))?
-35
What is (-52 - -64) + -100 + 1 + 5 + -4 + 2?
-84
What is (-22 - 24 - -74) + -48?
-20
Evaluate -158 - -73 - -61 - (-5 + -3).
-16
16 - (99 + (-23 + -3 - (-29 - -15)))
-71
Evaluate -94 + 3 - 6 - -51.
-46
Calculate (1 - (-2 + (2 - (-9 - -11)))) + 1 + -2.
2
(7 - 12) + 50 + -72
-27
What is -3 + 14 + 3 + (-2 - -58 - 9) + 10?
71
Calculate -25 + (-1 + -3 - 0) + (3230 - 3215) - -90.
76
What is -38 + (-4 - 8) + -16?
-66
Evaluate -79 + -21 + 87 - (-2 - -42).
-53
What is the value of (-20 - (-43 - -43)) + -17 + 4 + 1 + 2?
-30
What is 3 + 38 + (-85 - -90) + -131?
-85
(24 - 5) + -18 + -11 - (-3 - 34)
27
Calculate 93 - (-10 + (-28 - -20 - (-12 - 6))).
93
What is -397 + 364 + 4 + -2 + 4?
-27
What is 8 + (-24 - (-1 - (2 + 9))) + -10?
-14
What is the value of -3 + 8 + 2 + (2 - 27) + 17?
-1
(-70 - -56) + (25 - -4) - (-7 - (-4 - -6))
24
Calculate (-20 - -14 - (-1 + 2) - -8) + 38.
39
What is -15 + (-12 - 10) + 17 - -14?
-6
What is 70 - (-20 - -37) - 169?
-116
What is the value of 110 + -94 + (2 + -54 - 3)?
-39
-19 + (141 - (5 - -23)) + (-2 - -7)
99
Calculate (-1 - 57 - (-345 + 329)) + 1.
-41
What is -11 + 2 + (-49 - -72) + 23?
37
Evaluate (-3 - (-9 - 20)) + 30 + -31 + 0.
25
Calculate 59 + (-82 - -39) - (-3 + -5 + 5).
19
What is -53 + (-50 - (-151 + 49))?
-1
Evaluate 6 - -10 - 7 - (94 + (11 - (-5 + 20))).
-81
Calculate -142 + 148 + (0 - 89) + (-6 + 23 - 9).
-75
Calculate (-119 - -58) + -23 - -100.
16
What is the value of 82 - 35 - (-18 + 46) - -1?
20
What is (-22 - -1) + 445 + -432 - 17?
-25
(-116 - -159) + (-27 - -9)
25
102 + (3 - 12) + (19 - 35) + 9
86
(3 - -34) + (-1400 - -1430)
67
(593 - 575) + (2 - 7)
13
Calculate (1 + -10 - (5 - 0 - 5)) + 90 + -30.
51
What is the value of 36 - (2 - -18) - (-19 + 22 - -10)?
3
What is the value of -2691 + 2659 + (-2 - -60)?
26
Evaluate -10 + -2 + (8 - -4) + (5 + 37 - 5).
37
What is the value of (-24 - -23 - -14) + (39 - 2) + (-33 - -27)?
44
What is (-9 - ((-6 + -12 - -19) + -2 + 0)) + 73?
65
What is the value of -99 + (-233 + 105 - -239)?
12
